{"id":831,"date":"2024-09-30T17:33:49","date_gmt":"2024-09-30T17:33:49","guid":{"rendered":"https:\/\/latiendadeleidy.online\/index.php\/producto\/reloj-joefox-ana-dig-metalico\/"},"modified":"2024-09-30T17:46:51","modified_gmt":"2024-09-30T17:46:51","slug":"reloj-joefox-ana-dig-metalico","status":"publish","type":"product","link":"https:\/\/latiendadeleidy.online\/index.php\/producto\/reloj-joefox-ana-dig-metalico\/","title":{"rendered":"RELOJ JOEFOX ANA-DIG METALICO"},"content":{"rendered":"<h1 style=\"text-align: center;\"><span style=\"color: #000000;\"><strong>\ud83d\udd25 \u00a1El Reloj Joefox Anadig Met\u00e1lico HM: Resistencia, Estilo y Funcionalidad en Uno! \ud83d\udd57\u2728<\/strong><\/span><\/h1>\n<p>Descubre el <strong>Reloj Joefox Anadig Met\u00e1lico HM<\/strong>, dise\u00f1ado para quienes buscan un accesorio que combine elegancia y funcionalidad. Con este reloj, no solo obtendr\u00e1s un dise\u00f1o atractivo, sino tambi\u00e9n un aliado para tu rutina diaria.<\/p>\n<p><span style=\"color: #000000;\"><strong>Beneficios Clave:<\/strong><\/span><\/p>\n<p>\ud83d\udd58 <span style=\"color: #000000;\"><strong>Mant\u00e9n el control de tu tiempo<\/strong>:<\/span> Gracias a su funci\u00f3n de alarma diaria, estar\u00e1s siempre a tiempo para lo que importa \u23f0.<br \/>\n\ud83c\udf19<span style=\"color: #000000;\"> <strong>Visibilidad garantizada en cualquier momento<\/strong>:<\/span> Pantalla ultra clara y retroiluminada, perfecta para consultar la hora incluso en la oscuridad\u2728.<br \/>\n\ud83c\udfc3\u200d\u2642\ufe0f <span style=\"color: #000000;\"><strong>Para los que viven al m\u00e1ximo<\/strong>:<\/span> Utiliza el cron\u00f3metro en tus entrenamientos y desaf\u00edos personales, \u00a1supera tus marcas todos los d\u00edas!<br \/>\n\ud83d\udd51<span style=\"color: #000000;\"> <strong>Total versatilidad<\/strong><\/span>: El formato de 12\/24 horas te permite ajustar el reloj seg\u00fan tu preferencia \ud83c\udf1a\ud83c\udf1d.<\/p>\n<p style=\"text-align: center;\"><img decoding=\"async\" loading=\"lazy\" class=\"size-medium wp-image-836 aligncenter\" src=\"http:\/\/latiendadeleidy.online\/wp-content\/uploads\/2024\/09\/807107-300x300.png\" alt=\"\" width=\"300\" height=\"300\" \/>\ud83d\udcc5 <span style=\"color: #000000;\"><strong>Organizaci\u00f3n a tu alcance<\/strong><\/span>: Calendario integrado para tener siempre presente tus compromisos.<br \/>\n\ud83c\udf27\ufe0f <span style=\"color: #000000;\"><strong>Listo para cualquier condici\u00f3n<\/strong><\/span>: Resistente al agua, sudor, ducha y lluvia, aunque no se recomienda sumergirlo completamente\ud83d\udebf\u26c8.<\/p>\n<p><strong>Colores Disponibles:<\/strong><br \/>\nPavonado, Plateado, y Plata\/Azul.<\/p>\n<p style=\"text-align: center;\"><img decoding=\"async\" loading=\"lazy\" class=\"alignnone size-medium wp-image-837\" src=\"http:\/\/latiendadeleidy.online\/wp-content\/uploads\/2024\/09\/807106-300x300.png\" alt=\"\" width=\"300\" height=\"300\" \/><\/p>\n<p style=\"text-align: center;\"><span style=\"color: #000000;\"><strong>Incluye<\/strong>: Estuche original de la marca, ideal para conservarlo o para regalar.<\/span><\/p>\n<h3 style=\"text-align: center;\">\u2728 <strong>\u00a1Haz de este reloj tu compa\u00f1ero ideal y lleva tu estilo al siguiente nivel!<\/strong> \u2728<\/h3>\n<h5 style=\"text-align: center;\">\ud83d\udc49 <strong>Presiona &#8220;S\u00ed, Pedir Ahora&#8221;<\/strong> y a\u00f1ade un toque de elegancia y utilidad a tu vida diaria.<\/h5>\n","protected":false},"excerpt":{"rendered":"<p>\ud83d\udd25 \u00a1El Reloj Joefox Anadig Met\u00e1lico HM: Resistencia, Estilo y Funcionalidad en Uno! \ud83d\udd57\u2728 Descubre el Reloj Joefox Anadig Met\u00e1lico HM, dise\u00f1ado para quienes buscan un accesorio que combine elegancia y funcionalidad. Con este reloj, no solo obtendr\u00e1s un dise\u00f1o atractivo, sino tambi\u00e9n un aliado para tu rutina diaria. Beneficios Clave: \ud83d\udd58 Mant\u00e9n el control [&hellip;]<\/p>\n","protected":false},"featured_media":835,"comment_status":"open","ping_status":"closed","template":"","meta":{"_et_pb_use_builder":"","_et_pb_old_content":"","_et_gb_content_width":""},"product_cat":[29],"product_tag":[],"_links":{"self":[{"href":"https:\/\/latiendadeleidy.online\/index.php\/wp-json\/wp\/v2\/product\/831"}],"collection":[{"href":"https:\/\/latiendadeleidy.online\/index.php\/wp-json\/wp\/v2\/product"}],"about":[{"href":"https:\/\/latiendadeleidy.online\/index.php\/wp-json\/wp\/v2\/types\/product"}],"replies":[{"embeddable":true,"href":"https:\/\/latiendadeleidy.online\/index.php\/wp-json\/wp\/v2\/comments?post=831"}],"wp:featuredmedia":[{"embeddable":true,"href":"https:\/\/latiendadeleidy.online\/index.php\/wp-json\/wp\/v2\/media\/835"}],"wp:attachment":[{"href":"https:\/\/latiendadeleidy.online\/index.php\/wp-json\/wp\/v2\/media?parent=831"}],"wp:term":[{"taxonomy":"product_cat","embeddable":true,"href":"https:\/\/latiendadeleidy.online\/index.php\/wp-json\/wp\/v2\/product_cat?post=831"},{"taxonomy":"product_tag","embeddable":true,"href":"https:\/\/latiendadeleidy.online\/index.php\/wp-json\/wp\/v2\/product_tag?post=831"}],"curies":[{"name":"wp","href":"https:\/\/api.w.org\/{rel}","templated":true}]}}