{"id":283,"date":"2023-09-23T13:31:40","date_gmt":"2023-09-23T13:31:40","guid":{"rendered":"https:\/\/latiendadeleidy.online\/index.php\/producto\/base-refrigerante-portatil\/"},"modified":"2023-10-13T20:11:42","modified_gmt":"2023-10-13T20:11:42","slug":"base-refrigerante-portatil","status":"publish","type":"product","link":"https:\/\/latiendadeleidy.online\/index.php\/producto\/base-refrigerante-portatil\/","title":{"rendered":"Base Refrigerante Port\u00e1til"},"content":{"rendered":"<h3 class=\"product-title\">BASE REFRIGERANTE PORT\u00c1TIL<\/h3>\n<p>Base Refrigerante Port\u00e1til-2 Usb-2 Ventiladores Led Wit Br404 El soporte ergon\u00f3mico te permite jugar o ver pel\u00edculas en un \u00e1ngulo c\u00f3modo. Los 2 topes en la parte delantera para evitar que el ordenador port\u00e1til se caiga.<\/p>\n<p>Un gran ventilador integrado (140x140x15 mm) con LEDs azules. Construcci\u00f3n fuerte, duradera pero ligera con parte frontal de malla met\u00e1lica. El dise\u00f1o especial del concentrador USB permite conectar otros dispositivos USB.<\/p>\n<p>Descripci\u00f3n Color de la carcasa: negro Dimensi\u00f3n: (w\/d\/h) 370x265x33-58mm Material: malla de hierro + Pl\u00e1sticos de Ingenier\u00eda Grado de operaci\u00f3n: 6.5-45 grados Ruido del ventilador: 15 dBA (min) Velocidad del ventilador: 700 &#8211; 1400RPM Esperanza de vida del ventilador: 40.000 hrs Montaje: para ordenador port\u00e1til de 11 a 15 pulgadas Longitud del cable: 60 cm Cantidad: 1 unidad Descripci\u00f3n Color de la carcasa: negro Dimensi\u00f3n: (w\/d\/h) 370x265x33-58mm<\/p>\n<p>Material: malla de hierro + Pl\u00e1sticos de Ingenier\u00eda Grado de operaci\u00f3n: 6.5-45 grados Ruido del ventilador: 15 dBA (min) Velocidad del ventilador: 700 &#8211; 1400RPM Esperanza de vida del ventilador: 40.000 hrs<\/p>\n<p>Montaje: para ordenador port\u00e1til de 11 a 15 pulgadas Longitud del cable: 600mm<\/p>\n","protected":false},"excerpt":{"rendered":"<p>BASE REFRIGERANTE PORT\u00c1TIL Base Refrigerante Port\u00e1til-2 Usb-2 Ventiladores Led Wit Br404 El soporte ergon\u00f3mico te permite jugar o ver pel\u00edculas en un \u00e1ngulo c\u00f3modo. Los 2 topes en la parte delantera para evitar que el ordenador port\u00e1til se caiga. Un gran ventilador integrado (140x140x15 mm) con LEDs azules. Construcci\u00f3n fuerte, duradera pero ligera con parte [&hellip;]<\/p>\n","protected":false},"featured_media":360,"comment_status":"open","ping_status":"closed","template":"","meta":{"_et_pb_use_builder":"","_et_pb_old_content":"","_et_gb_content_width":""},"product_cat":[29],"product_tag":[],"_links":{"self":[{"href":"https:\/\/latiendadeleidy.online\/index.php\/wp-json\/wp\/v2\/product\/283"}],"collection":[{"href":"https:\/\/latiendadeleidy.online\/index.php\/wp-json\/wp\/v2\/product"}],"about":[{"href":"https:\/\/latiendadeleidy.online\/index.php\/wp-json\/wp\/v2\/types\/product"}],"replies":[{"embeddable":true,"href":"https:\/\/latiendadeleidy.online\/index.php\/wp-json\/wp\/v2\/comments?post=283"}],"wp:featuredmedia":[{"embeddable":true,"href":"https:\/\/latiendadeleidy.online\/index.php\/wp-json\/wp\/v2\/media\/360"}],"wp:attachment":[{"href":"https:\/\/latiendadeleidy.online\/index.php\/wp-json\/wp\/v2\/media?parent=283"}],"wp:term":[{"taxonomy":"product_cat","embeddable":true,"href":"https:\/\/latiendadeleidy.online\/index.php\/wp-json\/wp\/v2\/product_cat?post=283"},{"taxonomy":"product_tag","embeddable":true,"href":"https:\/\/latiendadeleidy.online\/index.php\/wp-json\/wp\/v2\/product_tag?post=283"}],"curies":[{"name":"wp","href":"https:\/\/api.w.org\/{rel}","templated":true}]}}