{"id":111,"date":"2023-09-21T15:48:18","date_gmt":"2023-09-21T15:48:18","guid":{"rendered":"https:\/\/latiendadeleidy.online\/index.php\/producto\/cortador-de-verduras-electrico-portatil\/"},"modified":"2023-10-13T20:24:40","modified_gmt":"2023-10-13T20:24:40","slug":"cortador-de-verduras-electrico-portatil","status":"publish","type":"product","link":"https:\/\/latiendadeleidy.online\/index.php\/producto\/cortador-de-verduras-electrico-portatil\/","title":{"rendered":"Cortador de verduras el\u00e9ctrico port\u00e1til"},"content":{"rendered":"<p>CORTADOR DE VERDURAS EL\u00c9CTRICO PORT\u00c1TIL<br \/>\nPicar r\u00e1pidamente: el potente motor el\u00e9ctrico mini picador de 40 W que reduc\u00eda su picado de alimentos r\u00e1pidamente. Perfecto para cortar nueces, hierbas, verduras, carne deshuesada y otros ingredientes comunes, para hacer alimentos para beb\u00e9s, pesto, hummus.<\/p>\n<p>La trituradora el\u00e9ctrica le permite despedirse de tirar: simplemente presione y comience a picar, controle el nivel de trituraci\u00f3n de los alimentos sus seg\u00fan necesidades.<\/p>\n<p>Material: Hecho de material ABS.<\/p>\n<p>Port\u00e1til y recargable por USB: carga por cable USB (incluido).<\/p>\n<p>Aplicaci\u00f3n: adecuado para viajes, comidas, campamentos u otras actividades al aire libre.<\/p>\n","protected":false},"excerpt":{"rendered":"<p>CORTADOR DE VERDURAS EL\u00c9CTRICO PORT\u00c1TIL Picar r\u00e1pidamente: el potente motor el\u00e9ctrico mini picador de 40 W que reduc\u00eda su picado de alimentos r\u00e1pidamente. Perfecto para cortar nueces, hierbas, verduras, carne deshuesada y otros ingredientes comunes, para hacer alimentos para beb\u00e9s, pesto, hummus. La trituradora el\u00e9ctrica le permite despedirse de tirar: simplemente presione y comience a [&hellip;]<\/p>\n","protected":false},"featured_media":383,"comment_status":"open","ping_status":"closed","template":"","meta":{"_et_pb_use_builder":"","_et_pb_old_content":"","_et_gb_content_width":""},"product_cat":[20],"product_tag":[],"_links":{"self":[{"href":"https:\/\/latiendadeleidy.online\/index.php\/wp-json\/wp\/v2\/product\/111"}],"collection":[{"href":"https:\/\/latiendadeleidy.online\/index.php\/wp-json\/wp\/v2\/product"}],"about":[{"href":"https:\/\/latiendadeleidy.online\/index.php\/wp-json\/wp\/v2\/types\/product"}],"replies":[{"embeddable":true,"href":"https:\/\/latiendadeleidy.online\/index.php\/wp-json\/wp\/v2\/comments?post=111"}],"wp:featuredmedia":[{"embeddable":true,"href":"https:\/\/latiendadeleidy.online\/index.php\/wp-json\/wp\/v2\/media\/383"}],"wp:attachment":[{"href":"https:\/\/latiendadeleidy.online\/index.php\/wp-json\/wp\/v2\/media?parent=111"}],"wp:term":[{"taxonomy":"product_cat","embeddable":true,"href":"https:\/\/latiendadeleidy.online\/index.php\/wp-json\/wp\/v2\/product_cat?post=111"},{"taxonomy":"product_tag","embeddable":true,"href":"https:\/\/latiendadeleidy.online\/index.php\/wp-json\/wp\/v2\/product_tag?post=111"}],"curies":[{"name":"wp","href":"https:\/\/api.w.org\/{rel}","templated":true}]}}