{"id":103,"date":"2023-09-21T15:40:28","date_gmt":"2023-09-21T15:40:28","guid":{"rendered":"https:\/\/latiendadeleidy.online\/index.php\/producto\/sarten-para-panqueques-x4\/"},"modified":"2023-10-13T20:26:45","modified_gmt":"2023-10-13T20:26:45","slug":"sarten-para-panqueques-x4","status":"publish","type":"product","link":"https:\/\/latiendadeleidy.online\/index.php\/producto\/sarten-para-panqueques-x4\/","title":{"rendered":"SARTEN PARA PANQUEQUES x4"},"content":{"rendered":"<p>SARTEN PARA PANQUEQUES X4<br \/>\nantiadherentes tipo de sartenes: sartenes para tortillas<\/p>\n<p>material: aleaci\u00f3n de aluminio<\/p>\n<p>Tipo de tapa de olla: sin tapa de olla<\/p>\n<p>Capacidad: 1-2 l<\/p>\n<p>Estufa aplicable: uso general para cocina de gas e inducci\u00f3n<\/p>\n<p>caracter\u00edstica 1: olla antiadherente para tortillas<\/p>\n<p>caracter\u00edstica 2: olla de cocina<\/p>\n<p>Caracter\u00edstica 3: Sart\u00e9n, jam\u00f3n, huevos Caracter\u00edstica<\/p>\n<p>4: Cuatro agujeros<\/p>\n","protected":false},"excerpt":{"rendered":"<p>SARTEN PARA PANQUEQUES X4 antiadherentes tipo de sartenes: sartenes para tortillas material: aleaci\u00f3n de aluminio Tipo de tapa de olla: sin tapa de olla Capacidad: 1-2 l Estufa aplicable: uso general para cocina de gas e inducci\u00f3n caracter\u00edstica 1: olla antiadherente para tortillas caracter\u00edstica 2: olla de cocina Caracter\u00edstica 3: Sart\u00e9n, jam\u00f3n, huevos Caracter\u00edstica 4: [&hellip;]<\/p>\n","protected":false},"featured_media":386,"comment_status":"open","ping_status":"closed","template":"","meta":{"_et_pb_use_builder":"","_et_pb_old_content":"","_et_gb_content_width":""},"product_cat":[20],"product_tag":[],"_links":{"self":[{"href":"https:\/\/latiendadeleidy.online\/index.php\/wp-json\/wp\/v2\/product\/103"}],"collection":[{"href":"https:\/\/latiendadeleidy.online\/index.php\/wp-json\/wp\/v2\/product"}],"about":[{"href":"https:\/\/latiendadeleidy.online\/index.php\/wp-json\/wp\/v2\/types\/product"}],"replies":[{"embeddable":true,"href":"https:\/\/latiendadeleidy.online\/index.php\/wp-json\/wp\/v2\/comments?post=103"}],"wp:featuredmedia":[{"embeddable":true,"href":"https:\/\/latiendadeleidy.online\/index.php\/wp-json\/wp\/v2\/media\/386"}],"wp:attachment":[{"href":"https:\/\/latiendadeleidy.online\/index.php\/wp-json\/wp\/v2\/media?parent=103"}],"wp:term":[{"taxonomy":"product_cat","embeddable":true,"href":"https:\/\/latiendadeleidy.online\/index.php\/wp-json\/wp\/v2\/product_cat?post=103"},{"taxonomy":"product_tag","embeddable":true,"href":"https:\/\/latiendadeleidy.online\/index.php\/wp-json\/wp\/v2\/product_tag?post=103"}],"curies":[{"name":"wp","href":"https:\/\/api.w.org\/{rel}","templated":true}]}}